{"id":122,"date":"2022-06-29T18:00:09","date_gmt":"2022-06-29T18:00:09","guid":{"rendered":"https:\/\/ceceg.com.mx\/?page_id=122"},"modified":"2022-06-29T20:58:38","modified_gmt":"2022-06-29T20:58:38","slug":"aviso-de-privacidad","status":"publish","type":"page","link":"https:\/\/ceceg.com.mx\/index.php\/aviso-de-privacidad\/","title":{"rendered":"Aviso de Privacidad"},"content":{"rendered":"<p>[et_pb_section fb_built=\u00bb1&#8243; _builder_version=\u00bb4.6.3&#8243; _module_preset=\u00bbdefault\u00bb][et_pb_row _builder_version=\u00bb4.6.3&#8243; _module_preset=\u00bbdefault\u00bb][et_pb_column type=\u00bb4_4&#8243; _builder_version=\u00bb4.6.3&#8243; _module_preset=\u00bbdefault\u00bb][et_pb_text _builder_version=\u00bb4.6.3&#8243; _module_preset=\u00bbdefault\u00bb]<\/p>\n<p>Aviso de Privacidad CENTRO DE CERTIFICACION GARZAR S.A.S<\/p>\n<p>FUNDAMENTO LEGAL<\/p>\n<p>El presente Aviso de Privacidad (aviso) se emite en cumplimiento por lo dispuesto por el art\u00edculo 15 y 17 de la Ley Federal de Protecci\u00f3n de Datos Personales en Posesi\u00f3n de los Particulares (LFPDPPP), de los Lineamientos del Aviso de Privacidad en sus art\u00edculos 6, 9,11 y 17 y del art\u00edculo 23, 25 y 31 de su Reglamento (Principio de Informaci\u00f3n).<\/p>\n<p>&nbsp;<\/p>\n<p>DATOS DEL RESPONSABLE<\/p>\n<p>CENTRO DE CERTIFICACION GARZAR S.A.S se identifica con el nombre comercial CECEG con domicilio Jos\u00e9 Mancisidor 21, Ejido Primero de Mayo Sur, en el Municipio de Boca del R\u00edo, Estado de Veracruz C.P.94297; es responsable del tratamiento de sus datos personales conforme a este Aviso de Privacidad.<\/p>\n<p>&nbsp;<\/p>\n<p>Datos de Contacto:<\/p>\n<p>Correo: administracion@ceceg.com.mx\u00a0<\/p>\n<p>Telefono: 229 322 3568<\/p>\n<p>\u200b<\/p>\n<p>&nbsp;<\/p>\n<p>\u00bfC\u00d3MO GARANTIZAMOS LA SEGURIDAD Y EL TRATAMIENTO DE SUS DATOS PERSONALES?<\/p>\n<p>Mediante un Programa Integral de Cumplimiento<\/p>\n<p>De conformidad a lo dispuesto al\u00a0 art\u00edculo 19 de la Ley, en lo dispuesto al art\u00edculo 57 del Reglamento\u00a0 y siguiendo las recomendaciones publicadas en el DOF\u00a0 el 30 de octubre de 2013 sobre las recomendaciones en materia de seguridad de datos personales hemos implementado\u00a0 Sistema de Gesti\u00f3n de Seguridad de Datos Personales (SGSDP) con la finalidad de asegurar el tratamiento correcto de sus datos personales y poder garantizar el cumplimiento de los Principios Rectores de la Ley,\u00a0 la Confidencialidad, el Deber de Seguridad y la atenci\u00f3n a sus Derechos ARCO.<\/p>\n<p>&nbsp;<\/p>\n<p>Aunado a lo anterior y con el objetivo de cumplir con las obligaciones derivadas de tratamiento de los datos personales el \u00e1mbito privado y p\u00fablico. El Centro de certificaciones GARZAR S.A.S., ha adoptado un esquema de autorregulaci\u00f3n que permita garantizar el derecho a la privacidad y a la protecci\u00f3n de datos personales, por lo tanto; Se apega estrictamente a las mejores pr\u00e1cticas y procedimientos regulados por el centro de acreditaci\u00f3n y Red CONOCER.<\/p>\n<p>&nbsp;<\/p>\n<p>&nbsp;<\/p>\n<p>\u00bfQU\u00c9 DATOS PERSONALES RECABAMOS Y PARA QUE FINES?<\/p>\n<p>CENTRO DE CERTIFICACION GARZAR S.A.S efectuar\u00e1 el correcto tratamiento de sus \u201cDatos Personales\u00bb que sean necesarios para la adecuada prestaci\u00f3n de nuestros servicios, mediante el cual obtendremos sus datos personales por los siguientes medios:\u00a0<\/p>\n<p>&nbsp;<\/p>\n<p>DIRECTA O PERSONALMENTE.<\/p>\n<ul>\n<li>Correo electr\u00f3nico.<\/li>\n<li>Campa\u00f1as Digitales.<\/li>\n<li>Mediante Mensajer\u00eda Instant\u00e1nea.<\/li>\n<li>Formularios y Encuestas.<\/li>\n<li>V\u00eda telef\u00f3nica y\/o a trav\u00e9s de nuestras redes sociales.<\/li>\n<li>Identificaci\u00f3n oficial.<\/li>\n<li>Comprobantes de domicilio.<\/li>\n<li>Acta constitutiva<\/li>\n<li>Fotograf\u00edas del candidato.<\/li>\n<li>Constancia fiscal.<\/li>\n<li>Poder notarial (algunos casos).<\/li>\n<\/ul>\n<p>&nbsp;<\/p>\n<p>\u00bfQU\u00c9 DATOS PERSONALES TRATAMOS?<\/p>\n<ul>\n<li>Firma<\/li>\n<li>Edad<\/li>\n<li>Genero<\/li>\n<li>Ocupaci\u00f3n.<\/li>\n<li>Estado civil.<\/li>\n<li>Nombre completo.<\/li>\n<li>Tel\u00e9fono(s) celular.<\/li>\n<li>Tel\u00e9fono de oficinas.<\/li>\n<li>Lugar de residencia.<\/li>\n<li>Nombre del contacto.<\/li>\n<li>Correo(s) electr\u00f3nico(s) de contacto.<\/li>\n<li>Nacionalidad<\/li>\n<li>Fotograf\u00edas.<\/li>\n<li>Grado acad\u00e9mico.<\/li>\n<li>Domicilio Particular.<\/li>\n<li>Fecha de Nacimiento.<\/li>\n<li>Perfil de Facebook e Instagram<\/li>\n<li>Clave \u00danica de Registro de Poblaci\u00f3n<\/li>\n<li>Registro Federal de Contribuyentes.<\/li>\n<\/ul>\n<p>&nbsp;<\/p>\n<p>FINALIDADES PRIMARIAS:<\/p>\n<ul>\n<li>Identificaci\u00f3n y contacto.<\/li>\n<li>Campa\u00f1as de orientaci\u00f3n y formaci\u00f3n sobre los est\u00e1ndares de competencias.<\/li>\n<li>Atenci\u00f3n en Plataformas Digitales.<\/li>\n<li>Grabar las reuniones con fines de consulta y aprendizaje.<\/li>\n<li>Emitir presupuestos y cotizaciones.<\/li>\n<li>Orientaci\u00f3n sobre el proceso de evaluaci\u00f3n.<\/li>\n<li>Registro del candidato en CONOCER.<\/li>\n<li>Encuestas de satisfacci\u00f3n y calidad.<\/li>\n<li>Gestionar el certificado de competencias.<\/li>\n<li>Enviar recordatorios por mensajer\u00eda instant\u00e1nea (WhatsApp, Telegram, Correo Electr\u00f3nico).<\/li>\n<li>Atender quejas y sugerencias.<\/li>\n<li>Alianzas con centros de evaluaci\u00f3n.<\/li>\n<li>Atenci\u00f3n y gesti\u00f3n a las solicitudes de sus Derechos ARCO.<\/li>\n<li>Cumplir con las obligaciones en materia de protecci\u00f3n de datos en posesi\u00f3n de Sujetos Obligados \u00c1mbito p\u00fablico como: (SEP, CONOCER).<\/li>\n<\/ul>\n<p>&nbsp;<\/p>\n<ul>\n<li>Conservar su Informaci\u00f3n para el cumplimiento de las disposiciones legales y requerimientos de diversas autoridades regulatorias.<\/li>\n<\/ul>\n<p>&nbsp;<\/p>\n<p>FINALIDADES SECUNDARIAS<\/p>\n<ul>\n<li>Encuestas de desarrollo profesional y calidad.<\/li>\n<li>Prospecci\u00f3n comercial.<\/li>\n<li>Informe sobre estudios de investigaci\u00f3n educativa.<\/li>\n<li>Evidencia fotogr\u00e1fica y video de eventos presenciales y virtuales.<\/li>\n<li>Envi\u00f3 de informaci\u00f3n actualizada a los est\u00e1ndares de competencia.<\/li>\n<\/ul>\n<p>&nbsp;<\/p>\n<p>Habi\u00e9ndose puesto a disposici\u00f3n del este Aviso de Privacidad y sus actualizaciones, ya sea personalmente o a trav\u00e9s de la p\u00e1gina de internet o de otros medios, y no habiendo manifestado inmediatamente oposici\u00f3n alguna, se entender\u00e1 que el titular ha consentido t\u00e1citamente el tratamiento de sus datos.<\/p>\n<p>&nbsp;<\/p>\n<p>Si el proporcion\u00f3 sus datos verbalmente, f\u00edsicamente, por escrito, por medios electr\u00f3nicos, \u00f3pticos o por cualquier otra tecnolog\u00eda, o por signos inequ\u00edvocos, se entender\u00e1 que ha dado su consentimiento expreso del uso de dicha informaci\u00f3n.<\/p>\n<p>&nbsp;<\/p>\n<p>\u200bPor su parte el titular declara que sus datos personales otorgados son exactos, aut\u00e9nticos y completos, dando consentimiento a verificar la veracidad de los mismos.<\/p>\n<p>&nbsp;<\/p>\n<p>\u00a0\u00bfCON QUI\u00c9N COMPARTIMOS SU INFORMACI\u00d3N PERSONAL Y PARA QU\u00c9 FINES?<\/p>\n<p>TRANSFERENCIAS<\/p>\n<p>&nbsp;<\/p>\n<p>\u00a0CENTRO DE CERTIFICACION GARZAR S.A.S hace del conocimiento del Titular que los datos personales pueden ser remitidos dentro y fuera del pa\u00eds, con el objeto de dar cumplimiento a las obligaciones jur\u00eddicas y\/o comerciales, para lo cual hemos celebrado o celebraremos diversos acuerdos comerciales tanto en territorio nacional como en el extranjero. Los receptores de los datos personales est\u00e1n obligados a mantener las medidas previstas por la Legislaci\u00f3n aplicable, el contrato correspondiente, as\u00ed\u0301 como por el presente Aviso de Privacidad, los datos personales suministrados por el responsable.<\/p>\n<p>Aunado a lo anterior, se hace de su conocimiento que en podremos trasferir datos personales a petici\u00f3n de las autoridades competentes con la finalidad de atender requerimientos que est\u00e9n debidamente fundados, motivados y con un mandato legal.<\/p>\n<p>&nbsp;<\/p>\n<p>&nbsp;<\/p>\n<p>MEDIOS PARA EJERCER DERECHOS ARCO<\/p>\n<p>\u00bfC\u00f3mo puede acceder, rectificar o cancelar sus datos personales, u oponerse a su uso?<\/p>\n<p>&nbsp;<\/p>\n<p>Usted tiene derecho a conocer qu\u00e9 datos personales tenemos de usted, para qu\u00e9 los utilizamos y las condiciones del uso que les damos (Acceso), as\u00ed mismo, es su derecho solicitar la correcci\u00f3n de su informaci\u00f3n personal en caso de que est\u00e9 desactualizada, sea inexacta o incompleta (Rectificaci\u00f3n); que la eliminemos de nuestros registros o bases de datos cuando considere que la misma no est\u00e1 siendo utilizada conforme a los principios, deberes y obligaciones previstas en la normativa (Cancelaci\u00f3n); as\u00ed como oponerse al uso de sus datos personales para fines espec\u00edficos (Oposici\u00f3n). Estos derechos se conocen como Derechos ARCO.<\/p>\n<p>&nbsp;<\/p>\n<p>\u00a0Para el ejercicio de cualquiera de los derechos ARCO, usted deber\u00e1 enviar un correo electr\u00f3nico al descrito en este Aviso de Privacidad por medio de un escrito libre o formato de derecho ARCO dirigida a CENTRO DE CERTIFICACION GARZAR S.A.S solicit\u00e1ndole sus derechos a ejercer.<\/p>\n<p>&nbsp;<\/p>\n<p>&nbsp;<\/p>\n<p>&nbsp;<\/p>\n<p>Adicionalmente le solicitamos que presente la siguiente informaci\u00f3n y adjunte los documentos que se enlistan a continuaci\u00f3n en original y copia:<\/p>\n<p>&nbsp;<\/p>\n<ul>\n<li>Nombre del titular<\/li>\n<li>Domicilio de titular o direcci\u00f3n de correo electr\u00f3nico para comunicar respuesta a solicitud<\/li>\n<li>Documentos que acrediten identidad o autorizaci\u00f3n para representarlo en la solicitud.<\/li>\n<li>Descripci\u00f3n de datos personales sobre los que se pretende ejercer alg\u00fan derecho ARCO<\/li>\n<li>Cualquier otro elemento que permita la localizaci\u00f3n de los datos personales y atenci\u00f3n a la solicitud<\/li>\n<\/ul>\n<p>&nbsp;<\/p>\n<p>&nbsp;<\/p>\n<p>&nbsp;<\/p>\n<p>Para conocer el procedimiento y requisitos para el ejercicio de los Derechos ARCO, usted podr\u00e1 llamar al siguiente n\u00famero \u00a0229 322 3568 o bien enviar un correo a <a href=\"mailto:administracion@ceceg.com.mx\">administracion@ceceg.com.mx<\/a>, para dar tr\u00e1mite a las solicitudes para el ejercicio de estos derechos, y atender\u00e1 cualquier duda que pudiera tener respecto al tratamiento de su informaci\u00f3n.<\/p>\n<p>&nbsp;<\/p>\n<p>LIMITACI\u00d3N DE USO Y DIVULGACI\u00d3N DE DATOS PERSONALES<\/p>\n<p>El responsable y\/o sus Encargados conservar\u00e1n los datos personales durante el tiempo que sea necesario para procesar sus solicitudes de informaci\u00f3n, productos y\/o servicios, as\u00ed como para mantener los registros contables, financieros y de auditoria en t\u00e9rminos de la LFPDPPP y de la legislaci\u00f3n mercantil, fiscal y administrativa vigente. Adem\u00e1s de controlar la divulgaci\u00f3n de dichos datos o informaci\u00f3n de socios comerciales.<\/p>\n<p>&nbsp;<\/p>\n<p>\u00a0Usted o su representante legal debidamente acreditado podr\u00e1n limitar el uso o divulgaci\u00f3n de sus datos personales a trav\u00e9s de los mismos medios y procedimientos dispuestos para el ejercicio de los Derechos ARCO. Una vez que su solicitud resulte procedente, ser\u00e1 registrado en el listado de exclusi\u00f3n dispuesto por CENTRO DE CERTIFICACION GARZAR S.A.S con la finalidad de que usted deje de recibir informaci\u00f3n relativa a campa\u00f1as publicitarias o de mercadotecnia.<\/p>\n<p>Con objeto de que usted pueda limitar el uso y divulgaci\u00f3n de su informaci\u00f3n personal, le ofrecemos los siguientes medios:<\/p>\n<p>\u00a0<span style=\"font-size: 14px;\">Solicitar su registro al listado de limitaci\u00f3n de uso con la finalidad de que sus datos personales no sean tratados para fines mercadot\u00e9cnicos, publicitarios o de prospecci\u00f3n comercial por nuestra parte. Para mayor informaci\u00f3n llamar al n\u00famero 229 322 3568 o enviar un correo electr\u00f3nico a: <a href=\"mailto:administracion@ceceg.com.mx\">administracion@ceceg.com.mx<\/a>\u00a0<\/span><span style=\"font-size: 14px;\">\u00a0o notificaci\u00f3n por escrito entregado en el domicilio del responsable.<\/span><\/p>\n<p>&nbsp;<\/p>\n<p>NOTIFICACI\u00d3N DE CAMBIOS AL AVISO DE PRIVACIDAD<\/p>\n<p>El presente aviso de privacidad puede sufrir modificaciones, cambios o actualizaciones derivadas de nuevos requerimientos legales, de nuestras propias necesidades por los productos o servicios que ofrecemos, de nuestras pr\u00e1cticas de privacidad; de cambios en nuestro modelo de negocio, o por otras causas y podr\u00e1 ser modificado en cualquier momento para cumplir con actualizaciones legislativas, jurisprudenciales, pol\u00edticas internas, nuevos requisitos para la prestaci\u00f3n de servicios de CENTRO DE CERTIFICACION GARZAR S.A.S o cualquier otra causa a entera discreci\u00f3n. En tal caso las modificaciones estar\u00e1n disponibles en las oficinas se\u00f1aladas en este aviso y a trav\u00e9s de nuestro sitio web https:\/\/ceceg.com.mx\/<\/p>\n<p>&nbsp;<\/p>\n<p>AVISO DE PRIVACIDAD DEL SISTEMA NACIONAL DE COMPETENCIAS<\/p>\n<p>Si usted desea conocer el aviso de privacidad de CONOCER, puede dirigirse directamente a la p\u00e1gina web https:\/\/conocer.gob.mx y seleccionar en el apartado \u201cProtecci\u00f3n de Datos Personales\u201d o seleccionar el siguiente link\u00a0 de acceso directo: https:\/\/conocer.gob.mx\/documentos\/proteccion-de-datos-personales\/<\/p>\n<p>[\/et_pb_text][\/et_pb_column][\/et_pb_row][\/et_pb_section]<\/p>\n","protected":false},"excerpt":{"rendered":"<p>Aviso de Privacidad CENTRO DE CERTIFICACION GARZAR S.A.S FUNDAMENTO LEGAL El presente Aviso de Privacidad (aviso) se emite en cumplimiento por lo dispuesto por el art\u00edculo 15 y 17 de la Ley Federal de Protecci\u00f3n de Datos Personales en Posesi\u00f3n de los Particulares (LFPDPPP), de los Lineamientos del Aviso de Privacidad en sus art\u00edculos 6, [&hellip;]<\/p>\n","protected":false},"author":1,"featured_media":0,"parent":0,"menu_order":0,"comment_status":"closed","ping_status":"closed","template":"page-template-blank.php","meta":{"_et_pb_use_builder":"on","_et_pb_old_content":"","_et_gb_content_width":"","footnotes":""},"class_list":["post-122","page","type-page","status-publish","hentry"],"_links":{"self":[{"href":"https:\/\/ceceg.com.mx\/index.php\/wp-json\/wp\/v2\/pages\/122","targetHints":{"allow":["GET"]}}],"collection":[{"href":"https:\/\/ceceg.com.mx\/index.php\/wp-json\/wp\/v2\/pages"}],"about":[{"href":"https:\/\/ceceg.com.mx\/index.php\/wp-json\/wp\/v2\/types\/page"}],"author":[{"embeddable":true,"href":"https:\/\/ceceg.com.mx\/index.php\/wp-json\/wp\/v2\/users\/1"}],"replies":[{"embeddable":true,"href":"https:\/\/ceceg.com.mx\/index.php\/wp-json\/wp\/v2\/comments?post=122"}],"version-history":[{"count":5,"href":"https:\/\/ceceg.com.mx\/index.php\/wp-json\/wp\/v2\/pages\/122\/revisions"}],"predecessor-version":[{"id":130,"href":"https:\/\/ceceg.com.mx\/index.php\/wp-json\/wp\/v2\/pages\/122\/revisions\/130"}],"wp:attachment":[{"href":"https:\/\/ceceg.com.mx\/index.php\/wp-json\/wp\/v2\/media?parent=122"}],"curies":[{"name":"wp","href":"https:\/\/api.w.org\/{rel}","templated":true}]}}